9*o. Give m(-5).
2
Let h(y) be the third derivative of 7*y**4/12 - 17*y**3/3 + 5*y**2 + 22. Give h(3).
8
Let z(a) be the second derivative of a**5/20 + a**4/12 - a**3/3 - a**2/2 + a. Suppose 104*m + 5274 = 5066. What is z(m)?
-1
Let y(g) = 2*g - 1. Let z(u) = -3*u + 1. Let c be z(0). Let i be -5*(-2)/c + -4. What is y(i)?
11
Suppose 5*u - 4*u = 0. Let f(t) = 12*t**2 - 8*t + u*t**3 - t**3 + 6 - 4*t**2. Let q = 19 - 12. What is f(q)?
-1
Let l(a) = a**3 + 2*a**2 - 7*a - 5. Let t be 135/(-30)*(-3 + 1). Let x be -2 + (0 - (10 - -1)). Let i = t + x. Calculate l(i).
-9
Let l(y) = 5*y - 4. Let u(v) = -9*v + 7. Let f = -3 - 0. Let g(s) = f*u(s) - 5*l(s). What is g(2)?
3
Let l(z) be the first derivative of -z**3/3 + 2*z**2 + 4*z - 68. What is l(3)?
7
Let r(p) = 4*p + 7. Let w = 397 - 400. Determine r(w).
-5
Suppose 4*i - 6*i + 12 = 0. Let u be (-2)/9 - (22/(-18) - -1). Let h(v) = -3 + 2*v + u + 2 - 6. What is h(i)?
5
Let f(y) = -18*y - 1. Suppose 3*v - 3 = -3*p, v + 3*p = -5 + 6. Calculate f(v).
-19
Let r(a) = a - 9. Let f be (-9 + 3)/((-14)/35). Calculate r(f).
6
Let o(i) = 5*i**2 + 39*i + 29. Let q(t) = t**2 + 10*t + 7. Let p(u) = 2*o(u) - 9*q(u). Calculate p(12).
-5
Let n = 4 - 0. Let k(o) be the third derivative of -o**5/60 + o**4/12 + 5*o**3/6 + 3*o**2. Calculate k(n).
-3
Suppose -2 = -h + 4. Suppose 0 = -2*r - 0*r + h. Let i(p) = -5*p + 4. Calculate i(r).
-11
Let j(h) = -139*h - 26. Let c(x) = -49*x - 9. Let l(a) = 17*c(a) - 6*j(a). Give l(0).
3
Let i = 510 - 510. Let g(j) = -j**3 + j + 49. Determine g(i).
49
Let p(b) = -7*b - 4. Let j = -11 - 8. Let w = -26 - j. Let q = 4 + w. Determine p(q).
17
Let b(t) = t**3 - t**2 - 1. Let u be (-2 - (1 + 0))/(-3). Let l = 1 - u. Suppose 5*r + 7*q - 2*q - 20 = l, -3*r + q + 4 = 0. Determine b(r).
3
Suppose m + 2*g - 7 = 3*g, -4*g - 7 = 3*m. Let h(i) = -2*i + 2*i**2 + 4*i + 3*i - i**3 - 2. Give h(m).
4
Let g(k) = k**3 - 6*k**2 - 10*k + 18. Suppose -28*f + 154 = -42. Determine g(f).
-3
Let a be -5 - (3 - 2 - 0). Let q(d) be the first derivative of -d**5/120 - d**4/4 + 55*d**3/3 - 39. Let t(p) be the third derivative of q(p). What is t(a)?
0
Let b = -38 + 39. Let z be (-1)/((-2)/(b*-8)). Let o(w) = w**3 + 3*w**2 - 3*w - 1. What is o(z)?
-5
Suppose 0 = 2*o - 4*h - 6, h - 2*h - 1 = 0. Let n(j) = 3*j**2 - 4*j - 5. Let m(k) = 9*k**2 - 11*k - 13. Let i(f) = -3*m(f) + 8*n(f). Give i(o).
-3
Suppose 10 = -2*f + 7*f. Let y(v) = -v**2 + 2*v**2 - 3 + v**3 + 0*v**2 + 3*v + 3*v**f. Determine y(-3).
-3
Let y(l) = -l**3 + 17*l**2 - 2*l + 25. Suppose -3*f = -6, -2*s - 2*f + 9 + 29 = 0. Give y(s).
-9
Let o = 21 - 15. Let w(k) = 3*k - 5. Let d(z) = -8*z + 14. Let h(b) = -4*d(b) - 11*w(b). What is h(o)?
-7
Let u(t) = -t**3 - 6*t**2 + 7*t + 1. Let o be u(-7). Suppose 6 = -4*d + 3*g, 3*d - 5*g = 2 - o. Let p(j) = 22*j - 23*j - 2*j**2 - 2*j. What is p(d)?
-9
Let x be 8/((-32)/12) - -1. Let z(q) = 8*q - 12. Let s(y) = -y + 1. Let m(n) = x*z(n) - 20*s(n). What is m(4)?
20
Suppose -6*f = -5*f + 4. Let p be 1 + (-2 - 0 - (0 + f)). Let v(j) = 5*j + 1. Determine v(p).
16
Let t be -14 + (18/(-6) - -14). Let s(i) = 2*i**3 + 5*i**2 + 2*i - 2. What is s(t)?
-17
Let z(p) be the second derivative of p**4/3 + 7*p**3/6 + 7*p**2/2 - 3*p + 6. Calculate z(-5).
72
Let u(j) = j**2 - 2*j - 1. Let p = 13 + -13. Let d be u(p). Let b(t) = -t**2 - 2*t**3 + 2 - 2*t**3 - 1. Determine b(d).
4
Suppose 3*c + 4 = -4*m, 0 = 4*m + 2*c - 0*c. Let q(b) = 7 + 0*b - b - 4 + b**m + 5*b. What is q(-3)?
0
Let p(k) = 7*k**2 - 10*k - 368 + 128 + 128 + 122 - k**3. What is p(6)?
-14
Let d(o) = -2*o + 7. Let b(a) = 5*a**3 - a**2 - 12*a - 11. Let r(s) = -s**3 - s**2 + s + 1. Let j(i) = b(i) + 6*r(i). Let g be j(-6). Give d(g).
17
Suppose -3*m - 35 = -8*m. Let r(q) = -4*q + m + 3*q - 4. Let g be (9/(-6))/(16 - (-393)/(-24)). Determine r(g).
-1
Let c(n) = n**3 + 4*n**2 + 4*n + 43. Let a be c(-5). Let b(g) = 3*g. Calculate b(a).
-6
Suppose 2 = -y - 2. Let a(i) = -18*i - 5 + 31*i - 14*i. What is a(y)?
-1
Suppose j - 3*p = -0*p - 24, 4*j + 5*p = -11. Let u be j/(-6)*2 + -3 + 2. Let d(q) = q**3 - 3*q**2 - 4*q + 3. Determine d(u).
-9
Let g be ((-18)/(-4) + -1)*-2. Suppose 2*m + m + 21 = 0. Let o = m - g. Let u(d) = -d - 8. Give u(o).
-8
Suppose 160 = -105324*u + 105340*u. Let y(w) = 0*w + 11 + 2*w - 4*w. Give y(u).
-9
Let s(m) = -32 - m**2 - 47 + 71 - 5*m + 3*m**2. Let d(i) = -i + 4. Let v be d(-2). What is s(v)?
34
Suppose 46*i - 54*i = 32. Let z(k) = k**3 + 3*k**2 + 2*k + 4. Determine z(i).
-20
Suppose -5*j = 3*b + 3, -6*b + 5 = -5*j - 11*b. Let z(h) = -h**3 + h**2 + 3. Determine z(j).
3
Let p(v) be the second derivative of v**3 - 2*v**2 + v - 352. Let c = -1 - -4. Calculate p(c).
14
Let i(l) = -l**2 - l + 5. Suppose -2*x + 18 = x. Let t = x + -6. Suppose -2*k + 5*k = t. Give i(k).
5
Let m(k) = 22*k - 11*k + 2*k + 13 - k - 5*k**2. Let r(b) = -b**2 + b + 1. Let z(s) = -m(s) + 6*r(s). Give z(-8).
-23
Let k(g) = 5*g - 52 - 18*g + 52. Let l = 6 - 5. Calculate k(l).
-13
Let d(j) = j**2 + 2*j - 1. Let i be d(-2). Let a be (i/3)/(1/(-18)). Let o(s) = s + 0*s - 7 + a. Give o(2).
1
Let i(c) = -3*c**2 - 9*c + 4. Let w(s) = 2*s**2 + 5*s - 3. Let u(l) = 4*i(l) + 5*w(l). Determine u(-8).
-39
Let x(o) be the second derivative of -o**7/2520 + o**6/120 - o**5/40 - o**4/3 - o. Let m(a) be the third derivative of x(a). What is m(5)?
2
Let s(f) = 8 + 8 + 3*f - f**3 - 26 + 8 - 2*f**2. Suppose 0 = v + 2*v. Suppose -r - 1 - 2 = v. What is s(r)?
-2
Let v(f) be the first derivative of -f**5/120 + 7*f**4/24 - f**3 - 9. Let o(k) be the third derivative of v(k). Suppose -6*x = -2*x - 16. Calculate o(x).
3
Let i(v) = 7*v - 1. Suppose 3*l - 4*l + 3 = -5*w, -3*w - 15 = -5*l. Suppose g - 5 = l*o, -3*o = -0*o + g + 1. Give i(o).
-8
Let x(q) = 96*q - 263*q - q**3 - 7*q**2 - 9 - 2*q**2 + 162*q. Determine x(-8).
-33
Suppose -6*u + 32 = 8. Suppose -2*t + 6 = -5*f, t = -u*f - 0*f + 3. Let a(p) = p + 1. Let m(k) = -k**2 + 7*k + 2. Let n(j) = -3*a(j) + m(j). Determine n(t).
2
Suppose -18 = -y + 4*g, -3*g + 2*g = 4. Let r(c) = 13*c. Calculate r(y).
26
Let c(x) = -17*x - 1 + 9*x**2 - 12*x**2 - 9 + x**3 + 19*x**2. What is c(-17)?
-10
Let a(d) = -3*d**3 + 9*d**2 + 14*d - 14. Suppose 16 - 82 = 6*b. Let x(w) = w**3 - 3*w**2 - 5*w + 5. Let r(m) = b*x(m) - 4*a(m). Give r(3).
-2
Let t = -1522 + 1525. Let x(c) be the third derivative of 11*c**4/24 - c**3/2 + c**2. Calculate x(t).
30
Suppose 2*q - 2*a = q + 9, -3*a = 5*q + 20. Let y(d) = -5*d**2 + 6*d - 6. Let o(h) = h**2 + 1. Let c(s) = q*y(s) - 4*o(s). What is c(4)?
-6
Let l(u) = u**2 - 9*u + 11. Let q be l(8). Let t(o) = 2*o**2 - 9*o**3 - 10*o**3 + 14*o**3 + 2 - q. Give t(-1).
6
Let s(h) = -27 + 20 + h + h - 2*h + 2*h**2. Give s(3).
11
Let u(c) = -7 - 3 - 31*c - 41*c + 2 + 73*c. Give u(7).
-1
Let v(m) = -2*m**2 + 2*m + 1. Let p(w) be the second derivative of -w**4/12 - w**3/6 + 2*w**2 - 2*w. Let j be p(0). Suppose j*f + 1 = -3. Calculate v(f).
-3
Let q(n) = n - 7. Let t = -2 + 5. Suppose 11 = 2*h - 2*l + t, -l = -4*h + 31. Calculate q(h).
2
Suppose 4*x - 3*b = -9, 5*b - 3 = 5*x + 12. Suppose -n = -x + 1. Let l(d) = -70*d. Let t(v) = 7*v. Let i(m) = 4*l(m) + 42*t(m). What is i(n)?
-14
Let u(d) = d**2 + d + 5. Let l(a) = -9 + 4 - a**3 + 6*a**2 + 20*a - 19 - 8. Let m be l(8). Calculate u(m).
5
Let f(d) be the first derivative of d**3/3 + 7*d**2/2 - 4*d + 1. Let v(r) = -3*r**2 - 15*r + 7. Let k(c) = 5*f(c) + 2*v(c). Determine k(4).
-2
Let h(q) = -6*q - 1. Let r(c) = 13 - 31*c - 12 - 7. Let a(s) = -11*h(s) + 2*r(s). Calculate a(1).
3
Let u(a) be the first derivative of a**4/4 - 3*a**3 - 7*a + 55. Determine u(9).
-7
Let p(v) = -v**2 - 15*v - 9. Suppose -l + 11 = -w, -3*l + 61 = 6*w - 11*w. What is p(w)?
5
Suppose 0 = -g - g + 94. Let t(i) = g - 20 + i - 20 - 3*i. Calculate t(6).
-5
Let t be (-92)/(-20) + 6/15. Suppose 4*a + 11 = -y - 15, t*a + 2*y = -34. Let g(o) = 6*o + o**3 + 0*o**2 - o**2 + 8*o**2 + 1 + o. What is g(a)?
-5
Let s(d) = d**2 - 8*d + 1. Let n(z) = -z**3 + 5*z**2 + 7. Let a be n(5). Give s(a).
-6
Let d(g) = g - 2. Let i(r) = -1. Let o(f) = -3. Let t(y) = 7*i(y) - 2*o(y). Let v(w) = -d(w) + 4*t(w). Calculate v(0).
-2
Let x(l) = -7*l - 9. Let g(s) = -8*s - 12. Let o(b) = 3*g(b) - 4*x(b). Determine o(2).
8
Let w(c) = 2*c + 1. Let r be (-12)/20 + 198/55. Determine w(r)